{"id":704,"date":"2013-12-27T13:36:16","date_gmt":"2013-12-27T12:36:16","guid":{"rendered":"http:\/\/tsvturnen.cwsurf.de\/wordpress\/?page_id=704"},"modified":"2022-09-18T18:11:13","modified_gmt":"2022-09-18T16:11:13","slug":"maedchernturnen-7-bis-9-jahre","status":"publish","type":"page","link":"https:\/\/www.tsv-muenchingen-turnen.de\/wordpress\/?page_id=704","title":{"rendered":"Turnerinnen Jahrgang 2006 bis 2009"},"content":{"rendered":"<p style=\"text-align: justify;\"><a href=\"https:\/\/www.tsv-muenchingen-turnen.de\/wordpress\/wp-content\/uploads\/2013\/12\/Foto.jpg\"><img loading=\"lazy\" decoding=\"async\" class=\"alignleft wp-image-717 \" src=\"https:\/\/www.tsv-muenchingen-turnen.de\/wordpress\/wp-content\/uploads\/2013\/12\/Foto-300x225.jpg\" alt=\"\" width=\"200\" height=\"150\" srcset=\"https:\/\/www.tsv-muenchingen-turnen.de\/wordpress\/wp-content\/uploads\/2013\/12\/Foto-300x225.jpg 300w, https:\/\/www.tsv-muenchingen-turnen.de\/wordpress\/wp-content\/uploads\/2013\/12\/Foto-1024x768.jpg 1024w\" sizes=\"auto, (max-width: 200px) 100vw, 200px\" \/><\/a>Wir sind eine Turngruppe im Alter von 7 bis 9 Jahren aus lauter aufgeweckten und fr\u00f6hlichen M\u00e4dchen.&nbsp; Viele von uns haben hier das erste Mal Ber\u00fchrung mit Gro\u00dfger\u00e4ten wie Reck und Schwebebalken, die gar nicht so gef\u00e4hrlich sind, wie sie aussehen.<\/p>\n<p style=\"text-align: justify;\">In unserer Gruppe braucht man keine turnerischen Vorkenntnisse, au\u00dfer viel Spa\u00df an der Bewegung und ein bisschen Mut Neues auszuprobieren und zu erlernen.<\/p>\n<p style=\"text-align: justify;\"><a href=\"https:\/\/www.tsv-muenchingen-turnen.de\/wordpress\/wp-content\/uploads\/2013\/12\/20131013_Digi_0504.jpg\"><img loading=\"lazy\" decoding=\"async\" class=\"alignleft wp-image-718 size-medium\" src=\"https:\/\/www.tsv-muenchingen-turnen.de\/wordpress\/wp-content\/uploads\/2013\/12\/20131013_Digi_0504-300x225.jpg\" alt=\"\" width=\"300\" height=\"225\" srcset=\"https:\/\/www.tsv-muenchingen-turnen.de\/wordpress\/wp-content\/uploads\/2013\/12\/20131013_Digi_0504-300x225.jpg 300w, https:\/\/www.tsv-muenchingen-turnen.de\/wordpress\/wp-content\/uploads\/2013\/12\/20131013_Digi_0504-1024x768.jpg 1024w\" sizes=\"auto, (max-width: 300px) 100vw, 300px\" \/><\/a><\/p>\n<p style=\"text-align: justify;\">Methodisch lernen wir eine Rolle vorw\u00e4rts und r\u00fcckw\u00e4rts, Grundf\u00e4higkeiten f\u00fcr das Ger\u00e4tturnen, Beweglichkeit und Ausdauer, sowie die ersten \u00dcbungen f\u00fcr Wettk\u00e4mpfe.<\/p>\n<p style=\"text-align: justify;\"><a href=\"https:\/\/www.tsv-muenchingen-turnen.de\/wordpress\/wp-content\/uploads\/2013\/12\/51983880c57ed9e1d2d54cbaef9001d0.jpg\"><img loading=\"lazy\" decoding=\"async\" class=\"alignleft wp-image-716 size-medium\" src=\"https:\/\/www.tsv-muenchingen-turnen.de\/wordpress\/wp-content\/uploads\/2013\/12\/51983880c57ed9e1d2d54cbaef9001d0-300x225.jpg\" alt=\"\" width=\"300\" height=\"225\" srcset=\"https:\/\/www.tsv-muenchingen-turnen.de\/wordpress\/wp-content\/uploads\/2013\/12\/51983880c57ed9e1d2d54cbaef9001d0-300x225.jpg 300w, https:\/\/www.tsv-muenchingen-turnen.de\/wordpress\/wp-content\/uploads\/2013\/12\/51983880c57ed9e1d2d54cbaef9001d0.jpg 816w\" sizes=\"auto, (max-width: 300px) 100vw, 300px\" \/><\/a><\/p>\n<p style=\"text-align: justify;\">Teamgeist und Spa\u00df an Sport und Spiel stehen hier im Vordergrund. Trotzdem d\u00fcrfen wir unser Erlerntes auch bei einigen Wettk\u00e4mpfen unter Beweis stellen, in denen wir dann in den letzten Jahren immer wieder vordere Pl\u00e4tze belegt haben.<\/p>\n<p style=\"text-align: justify;\">Wer nicht genug vom Turnen bekommen kann, darf zus\u00e4tzlich Freitags unsere etwas kleinere Wetkampfgruppe besuchen. Hier vertiefen wir das Gelernte, erarbeiten uns neue Herausforderungen und gehen auf Wettk\u00e4mpfe des Turn-Gau\u00b4s um uns mit gleichaltrigen zu messen.<\/p>\n<p style=\"text-align: justify;\">\u201eSchnupperturnen\u201c ist nach Absprache m\u00f6glich; bitte entweder Montags einfach mal vorbei kommen oder bei unserer<a title=\"Ansprechpartner\" href=\"https:\/\/www.tsv-muenchingen-turnen.de\/wordpress?page_id=24\"> Jugendleiterin per Mail <\/a>melden, damit sie die Anfrage weiterleiten kann!<\/p>\n<p>Die <strong>Trainingszeiten<\/strong> und die \u00dcbungsleiter*innen findet man <a href=\"https:\/\/www.tsv-muenchingen-turnen.de\/wordpress\/?page_id=1287\"><strong>hier:<\/strong><\/a><span style=\"text-decoration: underline;\"><strong><br \/>\n<\/strong><\/span><\/p>\n<p><strong>&nbsp;<\/strong><\/p>\n","protected":false},"excerpt":{"rendered":"<p>Wir sind eine Turngruppe im Alter von 7 bis 9 Jahren aus lauter aufgeweckten und fr\u00f6hlichen M\u00e4dchen.&nbsp; Viele von uns haben hier das erste Mal Ber\u00fchrung mit Gro\u00dfger\u00e4ten wie Reck und Schwebebalken, die gar nicht so gef\u00e4hrlich sind, wie sie aussehen. In unserer Gruppe braucht man keine turnerischen Vorkenntnisse, au\u00dfer viel Spa\u00df an der Bewegung [&hellip;]<\/p>\n","protected":false},"author":3,"featured_media":0,"parent":66,"menu_order":2,"comment_status":"closed","ping_status":"closed","template":"","meta":{"ngg_post_thumbnail":0,"footnotes":""},"class_list":["post-704","page","type-page","status-publish","hentry"],"publishpress_future_action":{"enabled":false,"date":"2026-05-07 22:17:26","action":"change-status","newStatus":"draft","terms":[],"taxonomy":"","extraData":[]},"publishpress_future_workflow_manual_trigger":{"enabledWorkflows":[]},"_links":{"self":[{"href":"https:\/\/www.tsv-muenchingen-turnen.de\/wordpress\/index.php?rest_route=\/wp\/v2\/pages\/704","targetHints":{"allow":["GET"]}}],"collection":[{"href":"https:\/\/www.tsv-muenchingen-turnen.de\/wordpress\/index.php?rest_route=\/wp\/v2\/pages"}],"about":[{"href":"https:\/\/www.tsv-muenchingen-turnen.de\/wordpress\/index.php?rest_route=\/wp\/v2\/types\/page"}],"author":[{"embeddable":true,"href":"https:\/\/www.tsv-muenchingen-turnen.de\/wordpress\/index.php?rest_route=\/wp\/v2\/users\/3"}],"replies":[{"embeddable":true,"href":"https:\/\/www.tsv-muenchingen-turnen.de\/wordpress\/index.php?rest_route=%2Fwp%2Fv2%2Fcomments&post=704"}],"version-history":[{"count":19,"href":"https:\/\/www.tsv-muenchingen-turnen.de\/wordpress\/index.php?rest_route=\/wp\/v2\/pages\/704\/revisions"}],"predecessor-version":[{"id":7270,"href":"https:\/\/www.tsv-muenchingen-turnen.de\/wordpress\/index.php?rest_route=\/wp\/v2\/pages\/704\/revisions\/7270"}],"up":[{"embeddable":true,"href":"https:\/\/www.tsv-muenchingen-turnen.de\/wordpress\/index.php?rest_route=\/wp\/v2\/pages\/66"}],"wp:attachment":[{"href":"https:\/\/www.tsv-muenchingen-turnen.de\/wordpress\/index.php?rest_route=%2Fwp%2Fv2%2Fmedia&parent=704"}],"curies":[{"name":"wp","href":"https:\/\/api.w.org\/{rel}","templated":true}]}}

<p style="text-align: justify;"><a href="https://www.tsv-muenchingen-turnen.de/wordpress/wp-content/uploads/2013/12/Foto.jpg"><img loading="lazy" decoding="async" class="alignleft wp-image-717 " src="https://www.tsv-muenchingen-turnen.de/wordpress/wp-content/uploads/2013/12/Foto-300x225.jpg" alt="" width="200" height="150" srcset="https://www.tsv-muenchingen-turnen.de/wordpress/wp-content/uploads/2013/12/Foto-300x225.jpg 300w, https://www.tsv-muenchingen-turnen.de/wordpress/wp-content/uploads/2013/12/Foto-1024x768.jpg 1024w" sizes="auto, (max-width: 200px) 100vw, 200px" /></a>Wir sind eine Turngruppe im Alter von 7 bis 9 Jahren aus lauter aufgeweckten und fröhlichen Mädchen.&nbsp; Viele von uns haben hier das erste Mal Berührung mit Großgeräten wie Reck und Schwebebalken, die gar nicht so gefährlich sind, wie sie aussehen.</p>
<p style="text-align: justify;">In unserer Gruppe braucht man keine turnerischen Vorkenntnisse, außer viel Spaß an der Bewegung und ein bisschen Mut Neues auszuprobieren und zu erlernen.</p>
<p style="text-align: justify;"><a href="https://www.tsv-muenchingen-turnen.de/wordpress/wp-content/uploads/2013/12/20131013_Digi_0504.jpg"><img loading="lazy" decoding="async" class="alignleft wp-image-718 size-medium" src="https://www.tsv-muenchingen-turnen.de/wordpress/wp-content/uploads/2013/12/20131013_Digi_0504-300x225.jpg" alt="" width="300" height="225" srcset="https://www.tsv-muenchingen-turnen.de/wordpress/wp-content/uploads/2013/12/20131013_Digi_0504-300x225.jpg 300w, https://www.tsv-muenchingen-turnen.de/wordpress/wp-content/uploads/2013/12/20131013_Digi_0504-1024x768.jpg 1024w" sizes="auto, (max-width: 300px) 100vw, 300px" /></a></p>
<p style="text-align: justify;">Methodisch lernen wir eine Rolle vorwärts und rückwärts, Grundfähigkeiten für das Gerätturnen, Beweglichkeit und Ausdauer, sowie die ersten Übungen für Wettkämpfe.</p>
<p style="text-align: justify;"><a href="https://www.tsv-muenchingen-turnen.de/wordpress/wp-content/uploads/2013/12/51983880c57ed9e1d2d54cbaef9001d0.jpg"><img loading="lazy" decoding="async" class="alignleft wp-image-716 size-medium" src="https://www.tsv-muenchingen-turnen.de/wordpress/wp-content/uploads/2013/12/51983880c57ed9e1d2d54cbaef9001d0-300x225.jpg" alt="" width="300" height="225" srcset="https://www.tsv-muenchingen-turnen.de/wordpress/wp-content/uploads/2013/12/51983880c57ed9e1d2d54cbaef9001d0-300x225.jpg 300w, https://www.tsv-muenchingen-turnen.de/wordpress/wp-content/uploads/2013/12/51983880c57ed9e1d2d54cbaef9001d0.jpg 816w" sizes="auto, (max-width: 300px) 100vw, 300px" /></a></p>
<p style="text-align: justify;">Teamgeist und Spaß an Sport und Spiel stehen hier im Vordergrund. Trotzdem dürfen wir unser Erlerntes auch bei einigen Wettkämpfen unter Beweis stellen, in denen wir dann in den letzten Jahren immer wieder vordere Plätze belegt haben.</p>
<p style="text-align: justify;">Wer nicht genug vom Turnen bekommen kann, darf zusätzlich Freitags unsere etwas kleinere Wetkampfgruppe besuchen. Hier vertiefen wir das Gelernte, erarbeiten uns neue Herausforderungen und gehen auf Wettkämpfe des Turn-Gau´s um uns mit gleichaltrigen zu messen.</p>
<p style="text-align: justify;">„Schnupperturnen“ ist nach Absprache möglich; bitte entweder Montags einfach mal vorbei kommen oder bei unserer<a title="Ansprechpartner" href="https://www.tsv-muenchingen-turnen.de/wordpress?page_id=24"> Jugendleiterin per Mail </a>melden, damit sie die Anfrage weiterleiten kann!</p>
<p>Die <strong>Trainingszeiten</strong> und die Übungsleiter*innen findet man <a href="https://www.tsv-muenchingen-turnen.de/wordpress/?page_id=1287"><strong>hier:</strong></a><span style="text-decoration: underline;"><strong><br />
</strong></span></p>
<p><strong>&nbsp;</strong></p>

<p>Wir sind eine Turngruppe im Alter von 7 bis 9 Jahren aus lauter aufgeweckten und fröhlichen Mädchen.&nbsp; Viele von uns haben hier das erste Mal Berührung mit Großgeräten wie Reck und Schwebebalken, die gar nicht so gefährlich sind, wie sie aussehen. In unserer Gruppe braucht man keine turnerischen Vorkenntnisse, außer viel Spaß an der Bewegung [&hellip;]</p>
